{"id":272,"date":"2024-10-09T11:13:33","date_gmt":"2024-10-09T09:13:33","guid":{"rendered":"https:\/\/mash-4077.de\/?page_id=272"},"modified":"2024-10-09T11:13:33","modified_gmt":"2024-10-09T09:13:33","slug":"harmon_oliver_jones","status":"publish","type":"page","link":"https:\/\/mash-4077.de\/index.php\/charaktere\/harmon_oliver_jones\/","title":{"rendered":"Oliver Harmon &#8222;Spearchucker&#8220; Jones"},"content":{"rendered":"<div class=\"\" style=\"\" >\n    \n    <section class=\"u-clearfix u-custom-color-4 u-section-2\" id=\"carousel_5f70\">\n      <div class=\"u-expanded-width u-gradient u-shape u-shape-rectangle u-shape-1\"><\/div>\n      <div class=\"custom-expanded data-layout-selected u-clearfix u-layout-wrap u-layout-wrap-1\">\n        <div class=\"u-layout\">\n          <div class=\"u-layout-row\">\n            <div class=\"u-container-style u-layout-cell u-size-30 u-layout-cell-1\" data-animation-name=\"customAnimationIn\" data-animation-duration=\"1500\" data-animation-delay=\"600\">\n              <div class=\"u-container-layout u-container-layout-1\">\n                <h1 class=\"u-align-center u-text u-text-1\"> Oliver Harmon<br>&nbsp;\"Spearchucker\"&nbsp;<br>Jones\n                <\/h1>\n                <p class=\"u-align-left u-text u-text-default u-text-2\">Der ehemalige Footballspieler und Schauspieler Timothy Brown verk\u00f6rperte Spearchucker in sechs Folgen der Serie.<\/p>\n              <\/div>\n            <\/div>\n            <div class=\"u-align-left u-container-align-left u-container-style u-layout-cell u-size-30 u-layout-cell-2\" data-href=\"#\">\n              <div class=\"u-container-layout u-valign-middle u-container-layout-2\">\n                <img decoding=\"async\" class=\"u-expanded-width u-image u-image-round u-radius u-image-1\" src=\"https:\/\/mash-4077.de\/wp-content\/uploads\/2024\/10\/Screenshot2024-10-07151709.png\" data-image-width=\"560\" data-image-height=\"410\" data-animation-name=\"customAnimationIn\" data-animation-duration=\"1500\" data-animation-delay=\"0\">\n              <\/div>\n            <\/div>\n          <\/div>\n        <\/div>\n      <\/div>\n    <\/section>\n    <section class=\"u-align-left u-clearfix u-container-align-left u-custom-color-4 u-section-3\" id=\"sec-ca6f\">\n      <div class=\"u-clearfix u-sheet u-valign-bottom u-sheet-1\">\n        <div class=\"fr-view u-align-left u-clearfix u-rich-text u-text u-text-1\"><\/div>\n        <div class=\"data-layout-selected u-clearfix u-expanded-width u-layout-wrap u-layout-wrap-1\">\n          <div class=\"u-layout\">\n            <div class=\"u-layout-row\">\n              <div class=\"u-size-30\">\n                <div class=\"u-layout-col\">\n                  <div class=\"u-container-style u-layout-cell u-size-60 u-layout-cell-1\">\n                    <div class=\"u-container-layout u-container-layout-1\">\n                      <p class=\"u-text u-text-body-color u-text-default u-text-2\"> In der MASH-Geschichte, sowohl im Roman als auch im Film, tritt die Figur Spearchucker, dessen voller Name Oliver Jones ist, als talentierter Neurochirurg und Footballspieler auf.&nbsp;<br>Im Roman wird sein Name als Oliver Wendell \"Spearchucker\" Jones genannt, w\u00e4hrend er im Film als Oliver Harmon Jones vorgestellt wird.&nbsp;<br>In beiden Versionen wird die Idee eines Football-Teams zur Ablenkung von der Langeweile im 4077. aufgeworfen, und Hawkeye schl\u00e4gt vor, Spearchucker ins Team zu holen, da sie sich im \u200b72. EVAC-Hospital kennengelernt haben.<br>\n                        <br>Im Roman erfahren wir, dass Spearchucker w\u00e4hrend seines Medizinstudiums Football gespielt hat, um Geld zu verdienen, und sogar von den Philadelphia Eagles unter Vertrag genommen wurde. Diese Information ist jedoch wenig bekannt. Im Film wird Spearchucker dagegen als ehemaliger Spieler der 49ers dargestellt. Sie \u00fcberzeugen Henry, Spearchucker f\u00fcr das 4077. als \"Ringer\" anzufordern, um ihrem Team zum Sieg zu verhelfen.&nbsp;<br>\n                        <br>Spearchucker \u00fcbernimmt dabei eine Schl\u00fcsselrolle in der Strategie des Spiels gegen das 72. EVAC-Hospital.<br>Sowohl im Roman als auch im Film wird erkl\u00e4rt, dass der Spitzname \"Spearchucker\", normalerweise eine rassistische Beleidigung, in diesem Fall auf seine F\u00e4higkeiten als Speerwerfer zur\u00fcckzuf\u00fchren ist.&nbsp;<br>\n                        <br>Im Film hilft Spearchuckers medizinische Expertise und die gemeinsame Football-Erfahrung Duke Forrest, seine rassistischen Vorurteile zu \u00fcberwinden, was schlie\u00dflich zu einer Freundschaft zwischen den beiden f\u00fchrt.\n                      <\/p>\n                    <\/div>\n                  <\/div>\n                <\/div>\n              <\/div>\n              <div class=\"u-size-30\">\n                <div class=\"u-layout-col\">\n                  <div class=\"u-container-style u-layout-cell u-size-60 u-layout-cell-2\">\n                    <div class=\"u-container-layout u-container-layout-2\">\n                      <div class=\"u-table u-table-responsive u-table-1\">\n                        <table class=\"u-table-entity\">\n                          <colgroup>\n                            <col width=\"25.6%\">\n                            <col width=\"74.4%\">\n                          <\/colgroup>\n                          <tbody class=\"u-table-body u-text-body-color\">\n                            <tr style=\"height: 47px;\">\n                              <td class=\"u-border-1 u-border-grey-dark-1 u-table-cell\">Rang<\/td>\n                              <td class=\"u-border-1 u-border-grey-dark-1 u-table-cell\">Captain<\/td>\n                            <\/tr>\n                            <tr style=\"height: 47px;\">\n                              <td class=\"u-border-1 u-border-grey-dark-1 u-table-cell\">Rolle<\/td>\n                              <td class=\"u-border-1 u-border-grey-dark-1 u-table-cell\">Chirurg<\/td>\n                            <\/tr>\n                            <tr style=\"height: 47px;\">\n                              <td class=\"u-border-1 u-border-grey-dark-1 u-table-cell\"> Haarfarbe<\/td>\n                              <td class=\"u-border-1 u-border-grey-dark-1 u-table-cell\">schwarz <\/td>\n                            <\/tr>\n                            <tr style=\"height: 47px;\">\n                              <td class=\"u-border-1 u-border-grey-dark-1 u-table-cell\"> Augenfarbe<\/td>\n                              <td class=\"u-border-1 u-border-grey-dark-1 u-table-cell\">brown<\/td>\n                            <\/tr>\n                            <tr style=\"height: 47px;\">\n                              <td class=\"u-border-1 u-border-grey-dark-1 u-table-cell\"> Gr\u00f6\u00dfe<\/td>\n                              <td class=\"u-border-1 u-border-grey-dark-1 u-table-cell\">1,83 cm <\/td>\n                            <\/tr>\n                            <tr style=\"height: 47px;\">\n                              <td class=\"u-border-1 u-border-grey-dark-1 u-table-cell\"> Gewicht<\/td>\n                              <td class=\"u-border-1 u-border-grey-dark-1 u-table-cell\"> 90 kg<\/td>\n                            <\/tr>\n                            <tr style=\"height: 53px;\">\n                              <td class=\"u-border-1 u-border-grey-dark-1 u-table-cell\"><\/td>\n                              <td class=\"u-border-1 u-border-grey-dark-1 u-table-cell\"><\/td>\n                            <\/tr>\n                            <tr style=\"height: 53px;\">\n                              <td class=\"u-border-1 u-border-grey-dark-1 u-table-cell\">Geburtstag<\/td>\n                              <td class=\"u-border-1 u-border-grey-dark-1 u-table-cell\"> ca. 1925<\/td>\n                            <\/tr>\n                            <tr style=\"height: 53px;\">\n                              <td class=\"u-border-1 u-border-grey-dark-1 u-table-cell\">Geburtsort<\/td>\n                              <td class=\"u-border-1 u-border-grey-dark-1 u-table-cell\"> Chicago, Illinois, U.S.A<\/td>\n                            <\/tr>\n                            <tr style=\"height: 53px;\">\n                              <td class=\"u-border-1 u-border-grey-dark-1 u-table-cell\">Nationalit\u00e4t<\/td>\n                              <td class=\"u-border-1 u-border-grey-dark-1 u-table-cell\"> Amerikanisch<\/td>\n                            <\/tr>\n                            <tr style=\"height: 53px;\">\n                              <td class=\"u-border-1 u-border-grey-dark-1 u-table-cell\">Geschwister<\/td>\n                              <td class=\"u-border-1 u-border-grey-dark-1 u-table-cell\">unbekannt<\/td>\n                            <\/tr>\n                            <tr style=\"height: 53px;\">\n                              <td class=\"u-border-1 u-border-grey-dark-1 u-table-cell\">Kinder<\/td>\n                              <td class=\"u-border-1 u-border-grey-dark-1 u-table-cell\">unbekannt<\/td>\n                            <\/tr>\n                            <tr style=\"height: 53px;\">\n                              <td class=\"u-border-1 u-border-grey-dark-1 u-table-cell\"><\/td>\n                              <td class=\"u-border-1 u-border-grey-dark-1 u-table-cell\"><\/td>\n                            <\/tr>\n                            <tr style=\"height: 53px;\">\n                              <td class=\"u-border-1 u-border-grey-dark-1 u-table-cell\">Auftritte<\/td>\n                              <td class=\"u-border-1 u-border-grey-dark-1 u-table-cell\">M*A*S*H (film)<\/td>\n                            <\/tr>\n                            <tr style=\"height: 53px;\">\n                              <td class=\"u-border-1 u-border-grey-dark-1 u-table-cell\"><\/td>\n                              <td class=\"u-border-1 u-border-grey-dark-1 u-table-cell\">sechs Folgen, erste Staffel<\/td>\n                            <\/tr>\n                            <tr style=\"height: 53px;\">\n                              <td class=\"u-border-1 u-border-grey-dark-1 u-table-cell\"> Darsteller<\/td>\n                              <td class=\"u-border-1 u-border-grey-dark-1 u-table-cell\">Timothy Brown\u200b (Serie)<br>Fred Williamson (Film)\n                              <\/td>\n                            <\/tr>\n                          <\/tbody>\n                        <\/table>\n                      <\/div>\n                    <\/div>\n                  <\/div>\n                <\/div>\n              <\/div>\n            <\/div>\n          <\/div>\n        <\/div>\n      <\/div>\n    <\/section>\n    <section class=\"u-clearfix u-container-align-center u-custom-color-4 u-section-4\" id=\"sec-4f2d\">\n      <div class=\"u-clearfix u-sheet u-sheet-1\">\n        <div class=\"u-border-3 u-border-grey-dark-1 u-line u-line-horizontal u-line-1\"><\/div>\n      <\/div>\n    <\/section>\n    <section class=\"u-border-2 u-border-grey-75 u-border-no-left u-border-no-right u-border-no-top u-clearfix u-gradient u-section-5\" id=\"carousel_a755\">\n      <div class=\"u-clearfix u-sheet u-sheet-1\">\n        <div class=\"u-expanded-width u-list u-list-1\">\n          <div class=\"u-repeater u-repeater-1\">\n            <div class=\"u-border-2 u-border-grey-75 u-border-no-left u-border-no-right u-border-no-top u-container-style u-list-item u-repeater-item\">\n              <div class=\"u-container-layout u-similar-container u-container-layout-1\">\n                <h5 class=\"u-text u-text-1\"> Spearchucker in der Serie<\/h5>\n                <p class=\"u-text u-text-2\"> Timothy Brown, der Spearchucker in der MASH*-TV-Serie spielte, war tats\u00e4chlich ein professioneller Footballspieler. Obwohl es vielleicht geplant war, das Football-Thema in der Serie weiterzuf\u00fchren, spielte es letztendlich nur eine geringe Rolle. Spearchucker wird nur einmal beim Footballspielen gezeigt, n\u00e4mlich im Pilotfilm, und er erscheint sp\u00e4ter bei einer Verlosungsparty mit Ginger.<br>In der Episode \u200bDas total verr\u00fcckte Feldlazarett&nbsp;(Chief Surgeon Who?)&nbsp;wird daran erinnert, dass er ein Neurochirurg ist, als er Hawkeye im Operationssaal sagt: \"Au\u00dferhalb des Sch\u00e4dels bin ich tot.\" Er spielt auch eine Rolle in der Episode \u00dcber alles geliebte Sklavin&nbsp;(The Moose), in der er Hawkeye und Trapper dabei hilft, einer jungen Frau namens Young Hi Selbstbewusstsein beizubringen.&nbsp;<br>In weiteren Episoden wie \u200bAch Henry, komm doch wieder&nbsp;(Henry, Please Come Home)&nbsp;und \u200bDer Dieb will nur das Beste&nbsp;(I Hate A Mystery)&nbsp;hat Spearchucker kleinere Auftritte, oft in Gruppen mit den anderen MASH-Personen. Seine letzte TV-Episode war \u200bEine richtige, sch\u00f6ne Gelbsucht&nbsp;(Germ Warfare), in der er Frank austrickst, um eine Urinprobe zu bekommen, weil sie vermuten, dass Frank Hepatitis hat.\n                <\/p>\n              <\/div>\n            <\/div>\n            <div class=\"u-border-2 u-border-grey-75 u-border-no-left u-border-no-right u-border-no-top u-container-style u-list-item u-repeater-item\">\n              <div class=\"u-container-layout u-similar-container u-container-layout-2\">\n                <h5 class=\"u-text u-text-3\">Warum verschwand Spearchucker aus der Serie?<\/h5>\n                <p class=\"u-text u-text-4\"> Nach sechs Auftritten wurde die Figur Spearchucker aus der Serie gestrichen, was unter den Fans viele Spekulationen ausl\u00f6ste. Ein Grund daf\u00fcr war, dass die Produzenten der TV-Show das Gef\u00fchl hatten, sie k\u00f6nnten nicht gen\u00fcgend bedeutungsvolle Episoden f\u00fcr Spearchucker schreiben, wenn sie sich auf Hawkeye und Trapper konzentrieren wollten. Dies wird durch die eher geringf\u00fcgigen Rollen gest\u00fctzt, die Spearchucker in seinen Auftritten erhielt.<br>\n                  <br>Es wurde auch vermutet, dass zu viele Charaktere eingef\u00fchrt wurden, was das Interesse der Zuschauer verw\u00e4ssert h\u00e4tte \u2013 aus demselben Grund wurden auch Figuren wie Lieutenant Dish und m\u00f6glicherweise Knocko McCarthy gestrichen.<br>\n                  <br>Ein weiterer Grund, der diskutiert wurde, war, dass der Sender die Figur aufgrund ihres Namens h\u00e4tte streichen m\u00fcssen, da dieser als rassistische Beleidigung angesehen wurde und f\u00fcr einige Zuschauer anst\u00f6\u00dfig war, unabh\u00e4ngig von der Herkunft des Namens.&nbsp;<br>Dies wird dadurch gest\u00fctzt, dass der Sender auch Einw\u00e4nde gegen die Verwendung des Spitznamens \"Dago Red\" f\u00fcr den Kaplan im Pilotfilm hatte.<br>\n                  <br>Eine dritte Erkl\u00e4rung besagte, dass die Produzenten geh\u00f6rt oder herausgefunden hatten, dass es in der Realit\u00e4t w\u00e4hrend des Koreakrieges keine afroamerikanischen Chirurgen in den MASH-Einheiten der US-Armee gab \u2013 zumindest keine, die in einer MASH-Einheit stationiert waren.<br>\n                  <br>Die einzigen ma\u00dfgeblichen Quellen, die diese Frage kl\u00e4ren, stammen von einer Reihe von Beitr\u00e4gen, die Larry Gelbart in den 1990er Jahren in der alt.tv.mash-Newsgroup ver\u00f6ffentlichte:<br>&nbsp;<br>Am 1. Oktober 1996 schrieb Gelbart (unter dem Pseudonym \"Elsig\") auf die Frage nach Spearchuckers Entfernung:&nbsp;<br>\"Es gab keine schwarzen Chirurgen, die in MASH-Einheiten in Korea stationiert waren.\"&nbsp;<br>\n                  <br>Am 12. Juli 1998 wiederholte \"Elsig\" auf eine \u00e4hnliche Frage hin:&nbsp;<br>\"Umfangreiche Recherchen ergaben, dass es keine schwarzen Chirurgen in MASH-Einheiten in Korea gab. Wir waren nicht an leerem Symbolismus interessiert. Au\u00dferdem mussten wir die Anzahl der Charaktere aus Budgetgr\u00fcnden reduzieren.\"\n                <\/p>\n              <\/div>\n            <\/div>\n            <div class=\"u-border-2 u-border-grey-75 u-border-no-left u-border-no-right u-border-no-top u-container-style u-list-item u-repeater-item\">\n              <div class=\"u-container-layout u-similar-container u-container-layout-3\">\n                <h5 class=\"u-text u-text-5\"> Wie sah die Realit\u00e4t aus?<\/h5>\n                <p class=\"u-text u-text-6\"> Die Figur Spearchucker Jones wurde aus MASH entfernt, weil die Produzenten f\u00e4lschlicherweise davon ausgingen, dass es w\u00e4hrend des Koreakriegs keine schwarzen Chirurgen in MASH-Einheiten gab.&nbsp;<br>Diese Annahme basierte auf den damaligen Informationen und dem Versuch, historische Genauigkeit zu wahren.&nbsp;<br>Neuere Forschungsergebnisse zeigen jedoch, dass es mindestens zwei afroamerikanische Chirurgen in MASH-Einheiten gab. Alvin Vincent Blount Jr. diente nicht nur als Chirurg in der 8225. MASH-Einheit, sondern war zeitweise auch der Leiter der Chirurgie.&nbsp;<br>Ein weiterer schwarzer Chirurg, Captain Miles, war Teil der 8055. MASH-Einheit und wurde von seinen Kollegen hoch gesch\u00e4tzt.&nbsp;<br>Diese Details wurden erst Jahrzehnte sp\u00e4ter bekannt, da die Recherchen zur Zeit der Entstehung von MASH aufgrund fehlender pers\u00f6nlicher Berichte und eingeschr\u00e4nkten Zugangs zu Archiven schwierig waren.&nbsp;<br>Die Informationen \u00fcber Blount und Miles kamen erst 50 Jahre nach dem Koreakrieg und 30 Jahre nach der Produktion ans Licht.\n                <\/p>\n              <\/div>\n            <\/div>\n          <\/div>\n        <\/div>\n      <\/div>\n    <\/section>\n    \n    \n    \n    \n  \n<\/div>","protected":false},"excerpt":{"rendered":"<p>Oliver Harmon&nbsp;&#8222;Spearchucker&#8220;&nbsp;Jones Der ehemalige Footballspieler und Schauspieler Timothy Brown verk\u00f6rperte Spearchucker in sechs Folgen der Serie. In der MASH-Geschichte, sowohl im Roman als auch im Film, tritt die Figur Spearchucker, dessen voller Name Oliver Jones ist, als talentierter Neurochirurg und Footballspieler auf.&nbsp;Im Roman wird sein Name als Oliver Wendell &#8222;Spearchucker&#8220; Jones genannt, w\u00e4hrend er im [&hellip;]<\/p>\n","protected":false},"author":1,"featured_media":0,"parent":174,"menu_order":0,"comment_status":"closed","ping_status":"closed","template":"","meta":{"footnotes":""},"class_list":["post-272","page","type-page","status-publish","hentry"],"_links":{"self":[{"href":"https:\/\/mash-4077.de\/index.php\/wp-json\/wp\/v2\/pages\/272","targetHints":{"allow":["GET"]}}],"collection":[{"href":"https:\/\/mash-4077.de\/index.php\/wp-json\/wp\/v2\/pages"}],"about":[{"href":"https:\/\/mash-4077.de\/index.php\/wp-json\/wp\/v2\/types\/page"}],"author":[{"embeddable":true,"href":"https:\/\/mash-4077.de\/index.php\/wp-json\/wp\/v2\/users\/1"}],"replies":[{"embeddable":true,"href":"https:\/\/mash-4077.de\/index.php\/wp-json\/wp\/v2\/comments?post=272"}],"version-history":[{"count":11,"href":"https:\/\/mash-4077.de\/index.php\/wp-json\/wp\/v2\/pages\/272\/revisions"}],"predecessor-version":[{"id":283,"href":"https:\/\/mash-4077.de\/index.php\/wp-json\/wp\/v2\/pages\/272\/revisions\/283"}],"up":[{"embeddable":true,"href":"https:\/\/mash-4077.de\/index.php\/wp-json\/wp\/v2\/pages\/174"}],"wp:attachment":[{"href":"https:\/\/mash-4077.de\/index.php\/wp-json\/wp\/v2\/media?parent=272"}],"curies":[{"name":"wp","href":"https:\/\/api.w.org\/{rel}","templated":true}]}}